{"id":2,"date":"2024-09-25T20:53:46","date_gmt":"2024-09-25T18:53:46","guid":{"rendered":"https:\/\/tekniktavlingen.chalmers.se\/internaitonellaengelskaskolansodraanggarden\/?page_id=2"},"modified":"2025-11-18T09:19:08","modified_gmt":"2025-11-18T08:19:08","slug":"exempelsida","status":"publish","type":"page","link":"https:\/\/tekniktavlingen.chalmers.se\/internaitonellaengelskaskolansodraanggarden\/","title":{"rendered":"Startsidan"},"content":{"rendered":"\n<div class=\"wp-block-media-text alignfull is-stacked-on-mobile is-image-fill has-base-2-color has-accent-background-color has-text-color has-background has-link-color wp-elements-fc2358031de9333fd94f7f29b3bb8218\"><figure class=\"wp-block-media-text__media\" style=\"background-image:url(https:\/\/tekniktavlingen.chalmers.se\/internaitonellaengelskaskolansodraanggarden\/wp-content\/uploads\/sites\/349\/2025\/11\/designa-framtidens-vaska-1024x576.png);background-position:50% 50%\"><img loading=\"lazy\" decoding=\"async\" width=\"1024\" height=\"576\" src=\"https:\/\/tekniktavlingen.chalmers.se\/internaitonellaengelskaskolansodraanggarden\/wp-content\/uploads\/sites\/349\/2025\/11\/designa-framtidens-vaska-1024x576.png\" alt=\"Illustration representation av framtidens v\u00e4skor\" class=\"wp-image-270 size-full\" srcset=\"https:\/\/tekniktavlingen.chalmers.se\/internaitonellaengelskaskolansodraanggarden\/wp-content\/uploads\/sites\/349\/2025\/11\/designa-framtidens-vaska-1024x576.png 1024w, https:\/\/tekniktavlingen.chalmers.se\/internaitonellaengelskaskolansodraanggarden\/wp-content\/uploads\/sites\/349\/2025\/11\/designa-framtidens-vaska-300x169.png 300w, https:\/\/tekniktavlingen.chalmers.se\/internaitonellaengelskaskolansodraanggarden\/wp-content\/uploads\/sites\/349\/2025\/11\/designa-framtidens-vaska-768x432.png 768w, https:\/\/tekniktavlingen.chalmers.se\/internaitonellaengelskaskolansodraanggarden\/wp-content\/uploads\/sites\/349\/2025\/11\/designa-framtidens-vaska-1536x864.png 1536w, https:\/\/tekniktavlingen.chalmers.se\/internaitonellaengelskaskolansodraanggarden\/wp-content\/uploads\/sites\/349\/2025\/11\/designa-framtidens-vaska.png 1921w\" sizes=\"auto, (max-width: 1024px) 100vw, 1024px\" \/><\/figure><div class=\"wp-block-media-text__content\">\n<div class=\"wp-block-group has-global-padding is-content-justification-left is-layout-constrained wp-container-core-group-is-layout-ed581a62 wp-block-group-is-layout-constrained\" style=\"padding-top:var(--wp--preset--spacing--30);padding-right:0;padding-bottom:var(--wp--preset--spacing--30);padding-left:0\">\n<div style=\"height:10px\" aria-hidden=\"true\" class=\"wp-block-spacer\"><\/div>\n\n\n\n<h1 class=\"wp-block-heading has-base-2-color has-text-color has-link-color wp-elements-0abec6448edfd37b3b1219a36ac63efe\">Designa framtidens v\u00e4ska<\/h1>\n\n\n\n<p>H\u00e4r visas t\u00e4vlingsbidrag fr\u00e5n Internaitonella Engelska skolan S\u00f6dra \u00c4ngg\u00e5rden, G\u00f6teborg.<\/p>\n\n\n\n<div style=\"height:10px\" aria-hidden=\"true\" class=\"wp-block-spacer\"><\/div>\n<\/div>\n<\/div><\/div>\n\n\n\n<div style=\"height:30px\" aria-hidden=\"true\" class=\"wp-block-spacer\"><\/div>\n\n\n\n<div class=\"wp-block-group alignwide is-layout-flow wp-block-group-is-layout-flow\"><div class=\"list-recent-posts\"><h2>Alla bidrag fr\u00e5n Internaitonella Engelska skolan S\u00f6dra \u00c4ngg\u00e5rden, G\u00f6teborg<\/h2><div class=\"recent-posts-grid\"><a href=\"https:\/\/tekniktavlingen.chalmers.se\/internaitonellaengelskaskolansodraanggarden\/2026\/01\/19\/a-bag-for-youth-16-17-year-old\/\" class=\"recent-post-item\"><div class=\"recent-post-img\"><img loading=\"lazy\" decoding=\"async\" width=\"326\" height=\"391\" src=\"https:\/\/tekniktavlingen.chalmers.se\/internaitonellaengelskaskolansodraanggarden\/wp-content\/uploads\/sites\/349\/2026\/01\/Youth-16-17-year-olds1.jpg\" class=\"attachment-large size-large wp-post-image\" alt=\"\" srcset=\"https:\/\/tekniktavlingen.chalmers.se\/internaitonellaengelskaskolansodraanggarden\/wp-content\/uploads\/sites\/349\/2026\/01\/Youth-16-17-year-olds1.jpg 326w, https:\/\/tekniktavlingen.chalmers.se\/internaitonellaengelskaskolansodraanggarden\/wp-content\/uploads\/sites\/349\/2026\/01\/Youth-16-17-year-olds1-250x300.jpg 250w\" sizes=\"auto, (max-width: 326px) 100vw, 326px\" \/><\/div><div class=\"recent-post-content\"><h3>A bag for youth 16-17 year old<\/h3><span class=\"arrow-icon\" aria-hidden=\"true\"><svg width=\"24\" height=\"24\" fill=\"none\" xmlns=\"http:\/\/www.w3.org\/2000\/svg\"><path d=\"M12 4l8 8-8 8M4 12h16\" stroke=\"#000\" stroke-width=\"2\" stroke-linecap=\"round\" stroke-linejoin=\"round\"\/><\/svg><\/span><\/div><\/a><a href=\"https:\/\/tekniktavlingen.chalmers.se\/internaitonellaengelskaskolansodraanggarden\/2026\/01\/18\/a-bag-for-unemployed-travelers\/\" class=\"recent-post-item\"><div class=\"recent-post-img\"><img loading=\"lazy\" decoding=\"async\" width=\"340\" height=\"408\" src=\"https:\/\/tekniktavlingen.chalmers.se\/internaitonellaengelskaskolansodraanggarden\/wp-content\/uploads\/sites\/349\/2026\/01\/Unemployed-travelers1.jpg\" class=\"attachment-large size-large wp-post-image\" alt=\"\" srcset=\"https:\/\/tekniktavlingen.chalmers.se\/internaitonellaengelskaskolansodraanggarden\/wp-content\/uploads\/sites\/349\/2026\/01\/Unemployed-travelers1.jpg 340w, https:\/\/tekniktavlingen.chalmers.se\/internaitonellaengelskaskolansodraanggarden\/wp-content\/uploads\/sites\/349\/2026\/01\/Unemployed-travelers1-250x300.jpg 250w\" sizes=\"auto, (max-width: 340px) 100vw, 340px\" \/><\/div><div class=\"recent-post-content\"><h3>A bag for unemployed travelers<\/h3><span class=\"arrow-icon\" aria-hidden=\"true\"><svg width=\"24\" height=\"24\" fill=\"none\" xmlns=\"http:\/\/www.w3.org\/2000\/svg\"><path d=\"M12 4l8 8-8 8M4 12h16\" stroke=\"#000\" stroke-width=\"2\" stroke-linecap=\"round\" stroke-linejoin=\"round\"\/><\/svg><\/span><\/div><\/a><a href=\"https:\/\/tekniktavlingen.chalmers.se\/internaitonellaengelskaskolansodraanggarden\/2026\/01\/18\/a-bag-for-athletes-especially-bikers\/\" class=\"recent-post-item\"><div class=\"recent-post-img\"><img loading=\"lazy\" decoding=\"async\" width=\"344\" height=\"371\" src=\"https:\/\/tekniktavlingen.chalmers.se\/internaitonellaengelskaskolansodraanggarden\/wp-content\/uploads\/sites\/349\/2026\/01\/Bag-for-athletes-especially-bikers2-1.jpg\" class=\"attachment-large size-large wp-post-image\" alt=\"\" srcset=\"https:\/\/tekniktavlingen.chalmers.se\/internaitonellaengelskaskolansodraanggarden\/wp-content\/uploads\/sites\/349\/2026\/01\/Bag-for-athletes-especially-bikers2-1.jpg 344w, https:\/\/tekniktavlingen.chalmers.se\/internaitonellaengelskaskolansodraanggarden\/wp-content\/uploads\/sites\/349\/2026\/01\/Bag-for-athletes-especially-bikers2-1-278x300.jpg 278w\" sizes=\"auto, (max-width: 344px) 100vw, 344px\" \/><\/div><div class=\"recent-post-content\"><h3>A bag for athletes especially bikers<\/h3><span class=\"arrow-icon\" aria-hidden=\"true\"><svg width=\"24\" height=\"24\" fill=\"none\" xmlns=\"http:\/\/www.w3.org\/2000\/svg\"><path d=\"M12 4l8 8-8 8M4 12h16\" stroke=\"#000\" stroke-width=\"2\" stroke-linecap=\"round\" stroke-linejoin=\"round\"\/><\/svg><\/span><\/div><\/a><a href=\"https:\/\/tekniktavlingen.chalmers.se\/internaitonellaengelskaskolansodraanggarden\/2026\/01\/18\/a-bag-for-travellers-and-campers\/\" class=\"recent-post-item\"><div class=\"recent-post-img\"><img loading=\"lazy\" decoding=\"async\" width=\"233\" height=\"442\" src=\"https:\/\/tekniktavlingen.chalmers.se\/internaitonellaengelskaskolansodraanggarden\/wp-content\/uploads\/sites\/349\/2026\/01\/Travellers-and-campers2-1.jpg\" class=\"attachment-large size-large wp-post-image\" alt=\"\" srcset=\"https:\/\/tekniktavlingen.chalmers.se\/internaitonellaengelskaskolansodraanggarden\/wp-content\/uploads\/sites\/349\/2026\/01\/Travellers-and-campers2-1.jpg 233w, https:\/\/tekniktavlingen.chalmers.se\/internaitonellaengelskaskolansodraanggarden\/wp-content\/uploads\/sites\/349\/2026\/01\/Travellers-and-campers2-1-158x300.jpg 158w\" sizes=\"auto, (max-width: 233px) 100vw, 233px\" \/><\/div><div class=\"recent-post-content\"><h3>A bag for travellers and campers<\/h3><span class=\"arrow-icon\" aria-hidden=\"true\"><svg width=\"24\" height=\"24\" fill=\"none\" xmlns=\"http:\/\/www.w3.org\/2000\/svg\"><path d=\"M12 4l8 8-8 8M4 12h16\" stroke=\"#000\" stroke-width=\"2\" stroke-linecap=\"round\" stroke-linejoin=\"round\"\/><\/svg><\/span><\/div><\/a><a href=\"https:\/\/tekniktavlingen.chalmers.se\/internaitonellaengelskaskolansodraanggarden\/2026\/01\/18\/a-bag-for-athletes\/\" class=\"recent-post-item\"><div class=\"recent-post-img\"><img loading=\"lazy\" decoding=\"async\" width=\"158\" height=\"199\" src=\"https:\/\/tekniktavlingen.chalmers.se\/internaitonellaengelskaskolansodraanggarden\/wp-content\/uploads\/sites\/349\/2026\/01\/Athletes3.jpg\" class=\"attachment-large size-large wp-post-image\" alt=\"\" \/><\/div><div class=\"recent-post-content\"><h3>A bag for athletes<\/h3><span class=\"arrow-icon\" aria-hidden=\"true\"><svg width=\"24\" height=\"24\" fill=\"none\" xmlns=\"http:\/\/www.w3.org\/2000\/svg\"><path d=\"M12 4l8 8-8 8M4 12h16\" stroke=\"#000\" stroke-width=\"2\" stroke-linecap=\"round\" stroke-linejoin=\"round\"\/><\/svg><\/span><\/div><\/a><a href=\"https:\/\/tekniktavlingen.chalmers.se\/internaitonellaengelskaskolansodraanggarden\/2026\/01\/18\/a-bag-far-women-who-are-scared-to-travel-alone\/\" class=\"recent-post-item\"><div class=\"recent-post-img\"><img loading=\"lazy\" decoding=\"async\" width=\"156\" height=\"209\" src=\"https:\/\/tekniktavlingen.chalmers.se\/internaitonellaengelskaskolansodraanggarden\/wp-content\/uploads\/sites\/349\/2026\/01\/Women-who-are-scared-to-travel-alone3.jpg\" class=\"attachment-large size-large wp-post-image\" alt=\"\" \/><\/div><div class=\"recent-post-content\"><h3>A bag f\u00e5r women who are scared to travel alone<\/h3><span class=\"arrow-icon\" aria-hidden=\"true\"><svg width=\"24\" height=\"24\" fill=\"none\" xmlns=\"http:\/\/www.w3.org\/2000\/svg\"><path d=\"M12 4l8 8-8 8M4 12h16\" stroke=\"#000\" stroke-width=\"2\" stroke-linecap=\"round\" stroke-linejoin=\"round\"\/><\/svg><\/span><\/div><\/a><a href=\"https:\/\/tekniktavlingen.chalmers.se\/internaitonellaengelskaskolansodraanggarden\/2026\/01\/18\/a-bag-for-celebrities-and-influencers\/\" class=\"recent-post-item\"><div class=\"recent-post-img\"><img loading=\"lazy\" decoding=\"async\" width=\"145\" height=\"216\" src=\"https:\/\/tekniktavlingen.chalmers.se\/internaitonellaengelskaskolansodraanggarden\/wp-content\/uploads\/sites\/349\/2025\/11\/Celebrities-and-influencers1.jpg\" class=\"attachment-large size-large wp-post-image\" alt=\"\" \/><\/div><div class=\"recent-post-content\"><h3>A bag for celebrities and influencers<\/h3><span class=\"arrow-icon\" aria-hidden=\"true\"><svg width=\"24\" height=\"24\" fill=\"none\" xmlns=\"http:\/\/www.w3.org\/2000\/svg\"><path d=\"M12 4l8 8-8 8M4 12h16\" stroke=\"#000\" stroke-width=\"2\" stroke-linecap=\"round\" stroke-linejoin=\"round\"\/><\/svg><\/span><\/div><\/a><a href=\"https:\/\/tekniktavlingen.chalmers.se\/internaitonellaengelskaskolansodraanggarden\/2026\/01\/18\/a-bag-for-hikers\/\" class=\"recent-post-item\"><div class=\"recent-post-img\"><img loading=\"lazy\" decoding=\"async\" width=\"152\" height=\"217\" src=\"https:\/\/tekniktavlingen.chalmers.se\/internaitonellaengelskaskolansodraanggarden\/wp-content\/uploads\/sites\/349\/2025\/11\/Hikers3.jpg\" class=\"attachment-large size-large wp-post-image\" alt=\"\" \/><\/div><div class=\"recent-post-content\"><h3>A bag for hikers<\/h3><span class=\"arrow-icon\" aria-hidden=\"true\"><svg width=\"24\" height=\"24\" fill=\"none\" xmlns=\"http:\/\/www.w3.org\/2000\/svg\"><path d=\"M12 4l8 8-8 8M4 12h16\" stroke=\"#000\" stroke-width=\"2\" stroke-linecap=\"round\" stroke-linejoin=\"round\"\/><\/svg><\/span><\/div><\/a><a href=\"https:\/\/tekniktavlingen.chalmers.se\/internaitonellaengelskaskolansodraanggarden\/2026\/01\/18\/a-bag-for-crime-investors\/\" class=\"recent-post-item\"><div class=\"recent-post-img\"><img loading=\"lazy\" decoding=\"async\" width=\"579\" height=\"359\" src=\"https:\/\/tekniktavlingen.chalmers.se\/internaitonellaengelskaskolansodraanggarden\/wp-content\/uploads\/sites\/349\/2026\/01\/Crime-investigators1.jpg\" class=\"attachment-large size-large wp-post-image\" alt=\"\" srcset=\"https:\/\/tekniktavlingen.chalmers.se\/internaitonellaengelskaskolansodraanggarden\/wp-content\/uploads\/sites\/349\/2026\/01\/Crime-investigators1.jpg 579w, https:\/\/tekniktavlingen.chalmers.se\/internaitonellaengelskaskolansodraanggarden\/wp-content\/uploads\/sites\/349\/2026\/01\/Crime-investigators1-300x186.jpg 300w\" sizes=\"auto, (max-width: 579px) 100vw, 579px\" \/><\/div><div class=\"recent-post-content\"><h3>A bag for crime investors<\/h3><span class=\"arrow-icon\" aria-hidden=\"true\"><svg width=\"24\" height=\"24\" fill=\"none\" xmlns=\"http:\/\/www.w3.org\/2000\/svg\"><path d=\"M12 4l8 8-8 8M4 12h16\" stroke=\"#000\" stroke-width=\"2\" stroke-linecap=\"round\" stroke-linejoin=\"round\"\/><\/svg><\/span><\/div><\/a><a href=\"https:\/\/tekniktavlingen.chalmers.se\/internaitonellaengelskaskolansodraanggarden\/2026\/01\/18\/a-bag-for-a-delivery-person\/\" class=\"recent-post-item\"><div class=\"recent-post-img\"><img loading=\"lazy\" decoding=\"async\" width=\"454\" height=\"346\" src=\"https:\/\/tekniktavlingen.chalmers.se\/internaitonellaengelskaskolansodraanggarden\/wp-content\/uploads\/sites\/349\/2026\/01\/Delivery-person3-1.jpg\" class=\"attachment-large size-large wp-post-image\" alt=\"\" srcset=\"https:\/\/tekniktavlingen.chalmers.se\/internaitonellaengelskaskolansodraanggarden\/wp-content\/uploads\/sites\/349\/2026\/01\/Delivery-person3-1.jpg 454w, https:\/\/tekniktavlingen.chalmers.se\/internaitonellaengelskaskolansodraanggarden\/wp-content\/uploads\/sites\/349\/2026\/01\/Delivery-person3-1-300x229.jpg 300w\" sizes=\"auto, (max-width: 454px) 100vw, 454px\" \/><\/div><div class=\"recent-post-content\"><h3>A bag for a delivery person<\/h3><span class=\"arrow-icon\" aria-hidden=\"true\"><svg width=\"24\" height=\"24\" fill=\"none\" xmlns=\"http:\/\/www.w3.org\/2000\/svg\"><path d=\"M12 4l8 8-8 8M4 12h16\" stroke=\"#000\" stroke-width=\"2\" stroke-linecap=\"round\" stroke-linejoin=\"round\"\/><\/svg><\/span><\/div><\/a><\/div><\/div>\n<\/div>\n\n\n\n<p><\/p>\n","protected":false},"excerpt":{"rendered":"","protected":false},"author":3,"featured_media":0,"parent":0,"menu_order":0,"comment_status":"closed","ping_status":"open","template":"","meta":{"_themeisle_gutenberg_block_has_review":false,"footnotes":""},"class_list":["post-2","page","type-page","status-publish","hentry"],"_links":{"self":[{"href":"https:\/\/tekniktavlingen.chalmers.se\/internaitonellaengelskaskolansodraanggarden\/wp-json\/wp\/v2\/pages\/2","targetHints":{"allow":["GET"]}}],"collection":[{"href":"https:\/\/tekniktavlingen.chalmers.se\/internaitonellaengelskaskolansodraanggarden\/wp-json\/wp\/v2\/pages"}],"about":[{"href":"https:\/\/tekniktavlingen.chalmers.se\/internaitonellaengelskaskolansodraanggarden\/wp-json\/wp\/v2\/types\/page"}],"author":[{"embeddable":true,"href":"https:\/\/tekniktavlingen.chalmers.se\/internaitonellaengelskaskolansodraanggarden\/wp-json\/wp\/v2\/users\/3"}],"replies":[{"embeddable":true,"href":"https:\/\/tekniktavlingen.chalmers.se\/internaitonellaengelskaskolansodraanggarden\/wp-json\/wp\/v2\/comments?post=2"}],"version-history":[{"count":27,"href":"https:\/\/tekniktavlingen.chalmers.se\/internaitonellaengelskaskolansodraanggarden\/wp-json\/wp\/v2\/pages\/2\/revisions"}],"predecessor-version":[{"id":271,"href":"https:\/\/tekniktavlingen.chalmers.se\/internaitonellaengelskaskolansodraanggarden\/wp-json\/wp\/v2\/pages\/2\/revisions\/271"}],"wp:attachment":[{"href":"https:\/\/tekniktavlingen.chalmers.se\/internaitonellaengelskaskolansodraanggarden\/wp-json\/wp\/v2\/media?parent=2"}],"curies":[{"name":"wp","href":"https:\/\/api.w.org\/{rel}","templated":true}]}}